v(-2). Let r be g/12 - (-184)/6. Calculate the highest common divisor of u and r.
6
Suppose 3*p = -3, 2*p - 41 = -o + p. What is the greatest common factor of 3 and o?
3
Let x be 1*(-4)/8*14. Let i be (-42)/12*(x - -1). What is the greatest common factor of i and 3?
3
Suppose 4*p + 5*z = -0*z + 659, -3*z = -9. Calculate the highest common divisor of 23 and p.
23
Let o be 12/(-78) + (-2346)/(-39). Let t = -3 + 5. Suppose t*x - 30 = -4*i + 14, 0 = 2*i - 10. Calculate the highest common factor of o and x.
12
Let h(q) = q + 30. Let v be h(-9). Suppose -f - 70 = -175. What is the highest common factor of f and v?
21
Suppose 1 = 3*f - 11. Suppose -f*i - 10 = -5*i. Calculate the greatest common factor of i and 10.
10
Suppose 5 = 2*n - 1. Suppose -n*s + 0*s = -18. Let c be 2/(-10)*-5*66. What is the highest common factor of c and s?
6
Suppose -6*g = -2*g + 2*d - 48, -4*d + 16 = 0. Let h(m) = -3*m + 12. Let i be h(-6). Calculate the greatest common divisor of g and i.
10
Let y = 54 + -49. Let f be -2 + (1 - 51/(-1)). Suppose -y = -5*a - 5*i, -a - 4*a + f = -4*i. What is the highest common factor of 6 and a?
6
Suppose 0 = 3*u + 9 + 45. Let s be u/4*(-768)/18. Suppose -4*v + 12 + s = 0. What is the highest common divisor of v and 17?
17
Suppose -3*o + 301 + 119 = 0. What is the greatest common factor of 14 and o?
14
Suppose 2*q = -3*q, 2*a = -q + 16. Calculate the greatest common divisor of 32 and a.
8
Suppose 5*u - 164 = 36. Suppose 4*p - 7 = f, -5*f + f - p = -u. Suppose -5*b + 45 = -5*q, -5*q = 3*b - 18 - 9. What is the greatest common factor of f and b?
9
Suppose 0*r - 3 = -r. Let b be (-8)/6*(-12)/(-8). Let i be (5/(-2) + b)*-6. Calculate the highest common factor of i and r.
3
Suppose -2*d + 26 = -0*d. Suppose 0*s = 3*s - 9. Let f be -3 - -56 - -2 - s. Calculate the highest common factor of d and f.
13
Suppose -3*y - 200 = -p - 4*p, 0 = 2*y. Let m = p - 28. Suppose 5*f - 485 = k - 0*k, 5*k + 313 = 3*f. What is the greatest common divisor of f and m?
12
Suppose t + 4*w - 169 = 93, -3*t + w + 812 = 0. What is the highest common factor of t and 54?
54
Let w be (-132)/(-6) + -1 + 4. Suppose -6*a + w = -a. Suppose 20 = 4*i - 3*k, 4*i - a = 3*i + 4*k. Calculate the highest common factor of i and 2.
1
Let n be (1 + -118)/(0 + -1). Let u(f) = 3*f**2 + f - 1. Let o be u(2). What is the greatest common factor of o and n?
13
Let c(v) = -7*v**2 + 3*v**3 + v**3 - 2*v**3 - v. Let d be c(5). What is the highest common divisor of 10 and d?
10
Let x = 42 - 16. What is the highest common divisor of x and 26?
26
Suppose -2*r = -5*s - 2, 5*r + s = -s + 5. Let v be -2 + 4/2 + r. What is the highest common divisor of v and 9?
1
Suppose 5*v + 3*x = 45, x - 9 - 27 = -4*v. Suppose -4*h - n = -130, 3*h = 2*n + 33 + 59. Let p = -5 + h. Calculate the highest common factor of p and v.
9
Let z(s) = -2*s**3 + 15*s**2 - 4*s + 4. Let t be z(7). Calculate the greatest common divisor of 125 and t.
25
Let j be -3*11*(-4)/6. Let o be (-13)/104 - (-17)/8. Suppose -o*h = h - 264. What is the greatest common factor of h and j?
22
Suppose -i + 25 = -15. Calculate the greatest common divisor of i and 16.
8
Suppose -5*h = 3 + 7. Let v be 1*(-100)/(h/1). Let l(g) = g**3 - g**2 + g + 10. Let u be l(0). Calculate the highest common factor of v and u.
10
Let z(x) = 0*x**3 + 4*x + x**3 + 2*x + 2 + 6*x**2. Suppose 5 = -3*f - 7. Let y be z(f). Calculate the highest common factor of 80 and y.
10
Suppose 113*u - 112*u = 12. What is the highest common divisor of 3 and u?
3
Let x(k) = 12 - 11 + k**2 - 5*k + 2*k + k. Let q be x(-3). What is the highest common factor of q and 16?
16
Let i be (1 + (-2)/(-4))*6. Let u = 147 + -93. Let j be 1*u*(-4)/(-6). What is the highest common divisor of j and i?
9
Let i(b) = b**3 - 11*b**2 + 12*b - 3. Let l be i(10). Calculate the greatest common divisor of l and 17.
17
Let w be 2*39/24*52. Suppose 5*a - w = -b - b, 2*b - 142 = 4*a. Calculate the greatest common factor of 11 and b.
11
Let r(c) = c**2 + 14*c + 1. Let k be r(-15). What is the highest common factor of k and 80?
16
Suppose 0 = 9*u - 8*u - 152. Suppose 4*v + 72 = 3*r, 2*v - u = -5*r - 2*v. Let c = 20 - -22. What is the greatest common divisor of c and r?
14
Let o be (0/(-2)*1)/2. Suppose 0 = -5*t - o*t + 80. What is the greatest common divisor of t and 4?
4
Let d = -1 + 8. Let k be d - (-2 + 0 + -1). Calculate the greatest common factor of k and 70.
10
Let n = -7 + 81. Calculate the greatest common divisor of n and 185.
37
Let v be 98*(0 + 1 + 0). Let r = -96 - -110. Calculate the greatest common factor of v and r.
14
Suppose 4*r = 12 + 64. Let w = 58 - r. What is the greatest common factor of w and 26?
13
Suppose -4*q = -12, 7*y + 5*q = 3*y + 763. Suppose -5*a + 4*a = -y. Calculate the highest common divisor of 17 and a.
17
Suppose 5*m + i - 3*i = 425, 3*i - 170 = -2*m. Let g = 26 + 8. Calculate the greatest common factor of g and m.
17
Suppose 2*q - 28 = -0*q. Let d be 28/16 + 1085/20. Calculate the greatest common divisor of q and d.
14
Let o(t) = 4*t**2 + 12*t + 4. Let v be o(-4). Let w = 8 - 0. Calculate the greatest common divisor of w and v.
4
Let w(g) = -2*g**3 - 2*g**2 + 7*g + 6. Let b be w(-3). What is the greatest common divisor of b and 42?
21
Suppose 183 - 3 = -5*s. Let l = 54 + s. What is the highest common factor of 144 and l?
18
Suppose -3*a = 15 + 6. Let h = -5 - a. Suppose -5*z + 26 = -2*z + x, h*z - 20 = -2*x. Calculate the greatest common factor of z and 56.
8
Let g be 2 + 3 + -1 + 0. Let m = g + 2. What is the highest common divisor of 15 and m?
3
Let c(x) = x**2 - 11*x - 20. Let n be c(19). What is the greatest common divisor of 6 and n?
6
Suppose -105 = -2*u + 45. Let v = 12 + -7. Suppose -2*j = -v*d + u, -4*d - j = 4*j - 27. What is the highest common factor of 143 and d?
13
Let c = -13 - -29. Let q(s) = 20*s - 2. Let j be q(6). Suppose 3*x + 2*t = j, 2*x + 28 = -t + 107. What is the greatest common divisor of x and c?
8
Suppose -6*p = -9*p + 9. Suppose -3*y - 50 = -2*j - 18, 0 = 5*j - p*y - 80. Calculate the greatest common factor of 176 and j.
16
Let i(h) = 48*h**2 - 2*h - 1. Let x be i(2). Let c be (34/(-6))/((-1)/3). What is the highest common factor of c and x?
17
Let k = 52 + -36. Suppose -2*g - 4*x = -6, 5*g - 86 + k = x. Let z = g + -2. Calculate the highest common divisor of 22 and z.
11
Let l = -370 - -879. Suppose -5*f - 149 = -l. What is the highest common factor of 8 and f?
8
Suppose 3*n - 45 - 99 = 0. Calculate the highest common factor of n and 8.
8
Suppose -5 = r, 0*j - 5*r + 169 = 2*j. Let m be (-3)/(-5) - j/(-5). Calculate the highest common factor of 8 and m.
4
Let f(g) = 0 + g - 8 + 6*g**2 - 5*g**2 + 0. Let a be f(6). Let b = 51 - a. What is the highest common divisor of 17 and b?
17
Suppose 0 = 13*z - z - 324. What is the highest common factor of z and 135?
27
Let w(m) = -m**3 - 5*m**2 - m + 3. Let h be w(-5). Let g be 574/h - (-1)/4. Suppose -2*d = 5*d - 56. What is the greatest common divisor of g and d?
8
Let n be 9/(-15) + (-126)/(-35). Suppose -2*u - 109 - 55 = -i, -5*i - n*u + 846 = 0. Calculate the highest common divisor of 21 and i.
21
Let t(b) = -b**2 - 20*b - 14. Let n be t(-16). Calculate the highest common divisor of 10 and n.
10
Let f be 42*((-34)/(-7) + -4). Calculate the highest common factor of f and 396.
36
Let y be (-2)/(-2*(-3)/27). Let r be -2*1/(2/y). Let n be 2/r + 1886/18. Calculate the highest common factor of n and 15.
15
Let c be (-2 + (-3)/2)*-26. Suppose -4*s = -c - 133. Calculate the greatest common factor of 8 and s.
8
Let i be ((-10)/4 + 1)*140/(-30). Calculate the highest common factor of i and 63.
7
Suppose -4*t = -3*t - 56. What is the greatest common factor of 7 and t?
7
Let w(m) = -m**2 + 6*m + 11. Let k be w(8). Let t(o) = o**2 - 4*o + 3. Let h be t(k). Calculate the greatest common divisor of 12 and h.
12
Let b = 4 - 3. Let f be (b + -7 + -3)*-3. Calculate the highest common factor of f and 18.
9
Suppose 4*w = -2*i + 170, -w - i - 19 + 63 = 0. Suppose 40 = 4*n - q, -5*q - 15 = -4*n + w. What is the highest common divisor of n and 9?
9
Let y be (18/(-30))/((-2)/10). Calculate the highest common factor of 33 and y.
3
Let x be 2*(-10)/4*-1. Suppose x = 2*d - d. Calculate the greatest common divisor of 5 and d.
5
Let x = -